30204020
In base 10, what is -16314 + -4?
-16318
In base 14, what is -3 + -112122?
-112125
In base 16, what is 9af - 59e?
411
In base 6, what is -502412 + -4?
-502420
In base 5, what is 10020 - 1400?
3120
In base 14, what is -1884 + -32?
-18b6
In base 9, what is 12027 + -4?
12023
In base 5, what is 3 - -134440143?
134440201
In base 2, what is -10111100011 - 1011110?
-11001000001
In base 13, what is -80c9c + -2?
-80ca1
In base 13, what is -2848a - -3?
-28487
In base 5, what is 1201031 + 32?
1201113
In base 10, what is -1289 + 5?
-1284
In base 8, what is 675667 - 2?
675665
In base 11, what is -2 + -105409?
-105410
In base 12, what is -120b99 + 1?
-120b98
In base 14, what is 3 - 1696c?
-16969
In base 11, what is -20 + 5845?
5825
In base 11, what is 2a - 177446?
-177417
In base 11, what is -11 - 152191?
-1521a2
In base 15, what is 3 - -2ce05?
2ce08
In base 5, what is 31104334 - 4?
31104330
In base 10, what is -549 - 371?
-920
In base 15, what is 0 - a3dab?
-a3dab
In base 3, what is 100100110010 - 12?
100100102221
In base 2, what is -101100111 - -111110010001?
111000101010
In base 16, what is 231c + -1?
231b
In base 11, what is 3319a + 103?
332a2
In base 2, what is 1 - 1001010010011?
-1001010010010
In base 6, what is -514 - -504?
-10
In base 15, what is -8 - 33?
-3b
In base 14, what is 49 - 316?
-2ab
In base 3, what is 2 - -11001212211101?
11001212211110
In base 15, what is 10d94 + 7?
10d9b
In base 8, what is 4 - -5375?
5401
In base 9, what is -6101 - -2?
-6088
In base 3, what is -201002 - 100111?
-1001120
In base 15, what is -a3866 - -3?
-a3863
In base 12, what is 75a28 - 3?
75a25
In base 2, what is -1111010111111010000 + -10?
-1111010111111010010
In base 16, what is -7 - 49?
-50
In base 14, what is 1c7540 + -1?
1c753d
In base 13, what is -2 - -1c96?
1c94
In base 15, what is -39c - 31?
-3cd
In base 11, what is -23229a + -a?
-2322a9
In base 5, what is -10 + -4424400?
-4424410
In base 9, what is -24 - -66338?
66314
In base 3, what is 110 - 102202110220?
-102202110110
In base 10, what is 3755 - 6?
3749
In base 9, what is -81 - 577?
-668
In base 9, what is -28351 - 0?
-28351
In base 11, what is -12 - 6183?
-6195
In base 4, what is -13 - -33131112?
33131033
In base 15, what is -4 + -908d6?
-908da
In base 14, what is c7 - 2a?
9b
In base 10, what is -37826 + -6?
-37832
In base 5, what is -3 - -12102004?
12102001
In base 12, what is 26458 + a?
26466
In base 3, what is -100 - -122112?
122012
In base 14, what is -5 + -5a09d?
-5a0a4
In base 7, what is 1 + -1250?
-1246
In base 16, what is cad34 - -3?
cad37
In base 8, what is -173230 + -11?
-173241
In base 4, what is -3011 + -1031031?
-1100102
In base 9, what is -12 + -18622?
-18634
In base 2, what is -1000110 + -1010?
-1010000
In base 14, what is -24cc2 + 5?
-24cbb
In base 5, what is 403 - -141?
1044
In base 3, what is 10 - 2110112111?
-2110112101
In base 16, what is 10879 - 3?
10876
In base 5, what is -10314 + -30?
-10344
In base 5, what is -30 + 224111?
224031
In base 3, what is 102 + -101010211000?
-101010210121
In base 12, what is 35a2 - 12?
3590
In base 9, what is -1 - -12287?
12286
In base 8, what is 11251 - 212?
11037
In base 13, what is 240 + -684?
-444
In base 4, what is 330331 - -103?
331100
In base 3, what is 10020 - -111212220?
112000010
In base 5, what is -222312 - -3?
-222304
In base 3, what is 11 - -220102010102?
220102010120
In base 10, what is -606 - -7159?
6553
In base 13, what is -147b + -85?
-1533
In base 12, what is b + -89ab?
-89a0
In base 11, what is 3163 + 4a?
3202
In base 14, what is -22b60 + 9?
-22b55
In base 12, what is 21201 + 8?
21209
In base 16, what is 41 - -272?
2b3
In base 7, what is 25 + -13630?
-13602
In base 16, what is -16ba - 25?
-16df
In base 7, what is 11 + 4123436?
4123450
In base 11, what is -45 - 4a72?
-5007
In base 5, what is 3011243 - -112?
3011410
In base 10, what is -5 - 52064?
-52069
In base 4, what is -103012 - -330?
-102022
In base 2, what is 1001 + -10001011001111110?
-10001011001110101
In base 8, what is 5 - 456747?
-456742
In base 8, what is 5 - -2534361?
2534366
In base 2, what is 11000101011110100 + 10?
11000101011110110
In base 8, what is -62 - -2225?
2143
In base 6, what is 3302 - -55534?
103240
In base 2, what is -1100110010101111111 + -100?
-1100110010110000011
In base 8, what is -122 - 4436?
-4560
In base 14, what is 6 + -62?
-5a
In base 2, what is 11000 - 1110011110010?
-1110011011010
In base 3, what is 102220110 + -12?
102220021
In base 15, what is -22 + 129b?
1279
In base 6, what is -5354 + 4524?
-430
In base 2, what is -10010001000 + -100110110110?
-111000111110
In base 9, what is 5 + -1360573?
-1360567
In base 5, what is -4022043 + 0?
-4022043
In base 16, what is -16f6 - 8?
-16fe
In base 11, what is -96 - -164?
79
In base 13, what is 36 - 148?
-112
In base 11, what is -1077 + -11a?
-1196
In base 8, what is -234 + -60?
-314
In base 11, what is -1180 + 19?
-1162
In base 10, what is 0 - 384706?
-384706
In base 5, what is -2311413 - -10?
-2311403
In base 5, what is -323 - -10421?
10043
In base 13, what is -3 + -1c195?
-1c198
In base 12, what is -30255 - -4?
-30251
In base 4, what is -210231 + 23?
-210202
In base 16, what is -48c8 - 2?
-48ca
In base 3, what is 212220 - 111001202?
-110011212
In base 11, what is 337 - -147?
483
In base 14, what is 375a + -27?
3733
In base 16, what is -5 + -6f96?
-6f9b
In base 14, what is -2 + -b182?
-b184
In base 15, what is 49 + -295?
-24b
In base 9, what is -135257 - -3?
-135254
In base 5, what is -3321 + 1022043?
1013222
In base 2, what is 1 + -100111001000110010?
-100111001000110001
In base 13, what is c - -9316?
9325
In base 4, what is -1 - 1310001223?
-1310001230
In base 8, what is 5 + -31571?
-31564
In base 15, what is 51 - 813?
-7b2
In base 2, what is -11 + 10000100111011110?
10000100111011011
In base 14, what is -3 - a9d0?
-a9d3
In base 3, what is -1 - 1021211211?
-1021211212
In base 9, what is -36233 + -2?
-36235
In base 7, what is -20401 - -110?
-20261
In base 7, what is 1 - 556341?
-556340
In base 9, what is -783 + 271?
-512
In base 9, what is 37204 - 20?
37174
In base 2, what is 1 - -101010011100101010101?
101010011100101010110
In base 11, what is -14 + -1070?
-1084
In base 10, what is -77 + 738?
661
In base 13, what is 1 + -72025?
-72024
In base 10, what is 5113 + 38?
5151
In base 11, what is 91 - 5a3?
-512
In base 6, what is 24130 + 1554?
30124
In base 13, what is -96 - 4?
-9a
In base 3, what is -22211121 + 10?
-22211111
In base 10, what is -5 - 23146?
-23151
In base 15, what is -46 - e0?
-136
In base 4, what is 1022 + -3221300?
-3220212
In base 12, what is -1581 + 7?
-1576
In base 16, what is 425f - -10?
426f
In base 8, what is -773 - -543?
-230
In base 3, what is 1111202 - -1211?
1120120
In base 3, what is 11211 - -1101201?
1120112
In base 7, what is 4 - 251232?
-251225
In base 3, what is 2 + 1022220010001?
1022220010010
In base 5, what is 332 - -13210?
14042
In base 4, what is 1 - 1212231220?
-1212231213
In base 2, what is 10000000111000 + 110101?
10000001101101
In base 10, what is 25 - 18019?
-17994
In base 15, what is -c3ca + -2?
-c3cc
In base 14, what is c45 - -4?
c49
In base 11, what is 0 + -844?
-844
In base 13, what is -3953 - -1?
-3952
In base 9, what is 0 - 2487730?
-2487730
In base 2, what is 1101111001 + -110110110000?
-101000110111
In base 5, what is -11423 + -32112?
-44040
In base 15, what is -2a1e + 0?
-2a1e
In base 2, what is 101001001111 - -11101?
101001101100
In base 3, what is 12211102210 + -1?
12211102202
In base 15, what is -2 - ade?
-ae1
In base 15, what is -a - 3a5?
-3b0
In base 16, what is d0a6 + -3?
d0a3
In base 11, what is 45 - 163?
-119
In base 5, what is 2 - 1313001?
-1312444
In base 8, what is -3 - 774110?
-774113
In base 15, what is -3e + 626?
5d7
In base 14, what is -421 - -3?
-41c
In base 3, what is 111120111110 + 12?
111120111122
In base 8, what is 0 - -1467271?
1467271
In base 12, what is -5 - 58b5?
-58ba
In base 14, what is 60 - -861?
8c1
In base 3, what is 1021210 - 21202?
1000001
In base 13, what is 34c5 + -9?
34b9
In base 5, what is -103333 + 22033?
-31300
In base 2, what is -100110111 - 10110010110?
-11011001101
In base 11, what is -198a87 + 5?
-198a82
In base 16, what is c - 49909?
-498fd
In base 11, what is -965 - 23?
-988
In base 7, what is 44 - -3214?
3261